{"id":245,"date":"2019-09-01T01:09:06","date_gmt":"2019-08-31T23:09:06","guid":{"rendered":"https:\/\/ifv-bahntechnik.de\/digital-rail\/?page_id=245"},"modified":"2019-09-02T01:35:11","modified_gmt":"2019-09-01T23:35:11","slug":"arbeitskreis-bahn-digitalisierung","status":"publish","type":"page","link":"https:\/\/ifv-bahntechnik.de\/digital-rail\/arbeitskreis-bahn-digitalisierung\/","title":{"rendered":"Arbeitskreis Bahn-Digitalisierung"},"content":{"rendered":"<p style=\"text-align: right;\"><span style=\"color: #ffffff;\">.<\/span><\/p>\n<p><strong>ARBEITSKREIS<\/strong>\u00a0BAHN-DIGITALISIERUNG<\/p>\n<p style=\"text-align: right;\"><span style=\"color: #ffffff;\">.<\/span><\/p>\n<p style=\"text-align: right;\"><span style=\"color: #ffffff;\">.<\/span><\/p>\n<p><a href=\"https:\/\/www.ifv-bahntechnik.de\/arbeitskreis\/bahn-digitalisierung\" target=\"_blank\" rel=\"noopener noreferrer\"><img loading=\"lazy\" decoding=\"async\" class=\"aligncenter\" src=\"https:\/\/www.railway-network.eu\/fileserver\/arbeitskreis-vignetten\/arbeitskreis-digitalisierung-1200info.png\" alt=\"\" width=\"800\" height=\"565\" \/><\/a><\/p>\n<p>&nbsp;<\/p>\n<p style=\"text-align: right;\"><span style=\"color: #ffffff;\">.<\/span><\/p>\n<p style=\"text-align: center;\">Alle Informationen zum\u00a0<a href=\"https:\/\/www.ifv-bahntechnik.de\/arbeitskreis\/bahn-digitalisierung\" target=\"_blank\" rel=\"noopener noreferrer\"><strong>Arbeitskreis Bahn-DIGITALISIERUNG<\/strong><\/a><\/p>\n<p style=\"text-align: right;\"><span style=\"color: #ffffff;\">.<\/span><\/p>\n<p style=\"text-align: right;\"><span style=\"color: #ffffff;\">.<\/span><\/p>\n<hr \/>\n<p>&nbsp;<\/p>\n<p>&nbsp;<\/p>\n<h3><strong>Sofern Ihr Unternehmen noch nicht Mitglied im Arbeitskreis sein sollte, <\/strong><\/h3>\n<h3><strong>k\u00f6nnen Sie jetzt die Mitgliedschaft beantragen:<\/strong><\/h3>\n<div style=\"text-align: right;\"><span style=\"color: #ffffff;\"><strong>_<\/strong><\/span><\/div>\n<h3>EIN Antragsformular = Nur F\u00dcNF Minuten bis zur Mitgliedschaft!<\/h3>\n<p>&nbsp;<\/p>\n<ul>\n<li><strong>Download &gt;&gt;&gt; MITGLIEDSANTRAG f\u00fcr ARBEITSKREISE &gt;&gt;&gt;<\/strong>\u00a0<a href=\"https:\/\/www.ifv-bahntechnik.de\/ak.pdf\" target=\"_blank\" rel=\"noopener noreferrer\"><strong>ak.pdf\u00a0<\/strong><\/a><strong><a title=\"DOWNLOAD [pdf]\" href=\"https:\/\/www.ifv-bahntechnik.de\/ak.pdf\" target=\"_blank\" rel=\"noopener noreferrer\"><img loading=\"lazy\" decoding=\"async\" class=\"alignnone\" src=\"https:\/\/www.ifv-bahntechnik.de\/fileserver\/000-ifv-homepage-online\/pdf.png\" alt=\"DOWNLOAD [pdf]\" width=\"22\" height=\"22\" \/><\/a><\/strong><br \/>\n<a href=\"https:\/\/www.ifv-bahntechnik.de\/ak.pdf\" target=\"_blank\" rel=\"noopener noreferrer\"><img loading=\"lazy\" decoding=\"async\" class=\"aligncenter\" src=\"https:\/\/www.railway-network.eu\/fileserver\/arbeitskreis-vignetten\/vorschaugrafik-ak-mitgliedsantrag-600px.png\" alt=\"\" width=\"600\" height=\"420\" \/><\/a><\/li>\n<\/ul>\n<p>&gt;&gt;&gt; Den ausgef\u00fcllten Mitgliedsantrag bitte einscannen (bzw. mit dem Smartphone abfotografieren) und per E-Mail an\u00a0<strong>verwaltung@ifv-bahntechnik.de<\/strong>\u00a0senden.<\/p>\n<p style=\"text-align: right;\"><span style=\"color: #ffffff;\">.<\/span><\/p>\n<p style=\"text-align: right;\"><span style=\"color: #ffffff;\">.<\/span><\/p>\n<h3><strong>Wie geht es danach weiter?<\/strong><\/h3>\n<p>1. Sie bekommen eine BEST\u00c4TIGUNGSNACHRICHT, sobald Ihr MITGLIEDSCHAFTSANTRAG angenommen wurde.<\/p>\n<p>2. Sie erhalten Ihre pers\u00f6nlichen Zugangsdaten f\u00fcr den LOGIN-BEREICH, wo Sie weitere Informationen einsehen k\u00f6nnen:<\/p>\n<p style=\"padding-left: 40px;\">* Termin-Informationen &gt;&gt;&gt; Einladung zu Treffen<\/p>\n<p style=\"padding-left: 40px;\">* Themen-Informationen &gt;&gt;&gt; To-Do-Liste f\u00fcr Mitglieder der jeweiligen Netzwerk-Gruppe<\/p>\n<p style=\"padding-left: 40px;\">* Kontakt-Informationen &gt;&gt;&gt; Kontaktdaten der Mitglieder im Netzwerk<\/p>\n<p style=\"text-align: right;\"><span style=\"color: #ffffff;\">.<\/span><\/p>\n<p style=\"text-align: right;\"><span style=\"color: #ffffff;\">.<\/span><\/p>\n<p style=\"text-align: right;\"><span style=\"color: #ffffff;\">.<\/span><\/p>\n<blockquote><p><strong>Hinweis zu Sonderkonditionen:<\/strong><\/p>\n<p><strong>Mitgliedsfirmen im FIRMENF\u00d6RDERKREIS des IFV BAHNTECHNIK e.V. k\u00f6nnen die Arbeitskreismitgliedschaft zu Sonderkonditionen beantragen.<\/strong><\/p>\n<p>&gt;&gt;&gt; Download &gt;&gt;&gt; Antrag auf Mitgliedschaft im Firmenf\u00f6rderkreis &gt;&gt;&gt;\u00a0<strong><a href=\"https:\/\/www.ifv-bahntechnik.de\/ak.pdf\" target=\"_blank\" rel=\"noopener noreferrer\">ffk.pdf<\/a><\/strong><\/p><\/blockquote>\n<p style=\"text-align: right;\">.<\/p>\n<p style=\"text-align: right;\"><span style=\"color: #ffffff;\">#<\/span><\/p>\n","protected":false},"excerpt":{"rendered":"<p>. ARBEITSKREIS\u00a0BAHN-DIGITALISIERUNG . . &nbsp; . Alle Informationen zum\u00a0Arbeitskreis Bahn-DIGITALISIERUNG . . &nbsp; &nbsp; Sofern Ihr Unternehmen noch nicht Mitglied im Arbeitskreis sein sollte, k\u00f6nnen Sie jetzt die Mitgliedschaft beantragen: _ EIN Antragsformular = Nur F\u00dcNF Minuten bis zur Mitgliedschaft! &nbsp; Download &gt;&gt;&gt; MITGLIEDSANTRAG f\u00fcr ARBEITSKREISE &gt;&gt;&gt;\u00a0ak.pdf\u00a0 &gt;&gt;&gt; Den ausgef\u00fcllten Mitgliedsantrag bitte einscannen (bzw. mit [&hellip;]<\/p>\n","protected":false},"author":1,"featured_media":0,"parent":0,"menu_order":3,"comment_status":"closed","ping_status":"closed","template":"","meta":{"footnotes":""},"class_list":["post-245","page","type-page","status-publish","hentry"],"_links":{"self":[{"href":"https:\/\/ifv-bahntechnik.de\/digital-rail\/wp-json\/wp\/v2\/pages\/245","targetHints":{"allow":["GET"]}}],"collection":[{"href":"https:\/\/ifv-bahntechnik.de\/digital-rail\/wp-json\/wp\/v2\/pages"}],"about":[{"href":"https:\/\/ifv-bahntechnik.de\/digital-rail\/wp-json\/wp\/v2\/types\/page"}],"author":[{"embeddable":true,"href":"https:\/\/ifv-bahntechnik.de\/digital-rail\/wp-json\/wp\/v2\/users\/1"}],"replies":[{"embeddable":true,"href":"https:\/\/ifv-bahntechnik.de\/digital-rail\/wp-json\/wp\/v2\/comments?post=245"}],"version-history":[{"count":5,"href":"https:\/\/ifv-bahntechnik.de\/digital-rail\/wp-json\/wp\/v2\/pages\/245\/revisions"}],"predecessor-version":[{"id":302,"href":"https:\/\/ifv-bahntechnik.de\/digital-rail\/wp-json\/wp\/v2\/pages\/245\/revisions\/302"}],"wp:attachment":[{"href":"https:\/\/ifv-bahntechnik.de\/digital-rail\/wp-json\/wp\/v2\/media?parent=245"}],"curies":[{"name":"wp","href":"https:\/\/api.w.org\/{rel}","templated":true}]}}