{"id":128,"date":"2019-03-24T13:29:52","date_gmt":"2019-03-24T12:29:52","guid":{"rendered":"https:\/\/ifv-bahntechnik.de\/railway-sensors\/?page_id=128"},"modified":"2024-06-07T11:46:07","modified_gmt":"2024-06-07T09:46:07","slug":"referentenanmeldung","status":"publish","type":"page","link":"https:\/\/ifv-bahntechnik.de\/railway-sensors\/expertentagung\/referentenanmeldung\/","title":{"rendered":"Referentenanmeldung"},"content":{"rendered":"<p style=\"text-align: right;\">.<\/p>\n<p>&nbsp;<\/p>\n<h2><\/h2>\n<p style=\"text-align: right;\">.<\/p>\n<p>Expertentagung zum Thema Bahn-Sensortechnik \/ Bahn-Digitalisierung:<\/p>\n<p>Bahn-Sensortechnik \/\/\/ RAILWAY-SENSORS \/\/\/ Bahn-Digitalisierung<\/p>\n<p style=\"text-align: right;\">.<\/p>\n<p>Referenten sind eingeladen, sich AB SOFORT im Rahmen des OPEN CALL FOR PAPERS zu beim Veranstalter zu melden und einen Vortragsvorschlag einzureichen.<\/p>\n<p>Thematische Vorgaben: Die Vortragsvorschl\u00e4ge sollen erkennbar mit dem Leit-Thema der Tagung RAILWAY-SENSORS zusammenh\u00e4ngen.<\/p>\n<p style=\"text-align: right;\"><strong>.<\/strong><\/p>\n<p><strong>Insbesondere sind Fachvortr\u00e4gen in folgenden thematischen Modulen erw\u00fcnscht:<\/strong><\/p>\n<ul>\n<li>MESS-, STEUER- und REGELUNGSTECHNIK (spezifische Anforderungen im Bahnbereich)<\/li>\n<li>BAHN-SENSORTECHNIK (state of the art): ANALOGE vs. DIGITALE SENSORTECHNIK<\/li>\n<li>DATENANALYTIK (data science) im Bereich Bahntechnik: (a) Bahn-Infrastruktur, (b) Schienenfahrzeuge<\/li>\n<li>FORSCHUNGSPROJEKTE f\u00fcr Anwendungen der Bahn- und Verkehrstechnik<\/li>\n<\/ul>\n<p>Vortragsthemen, die von den o.g. thematischen Modulen sind m\u00f6glich, sollten jedoch kurz begr\u00fcndet bzw. erl\u00e4utert werden.<\/p>\n<p>Vorschl\u00e4ge k\u00f6nnen f\u00fcr Fachvortr\u00e4ge (20 oder 30 Minuten Redezeit) oder Workshops (30 \u2013 45 Minuten Interaktion) eingereicht werden.<\/p>\n<p>&nbsp;<\/p>\n<p><a href=\"https:\/\/expertentagung.info\/referenten\/\"><img loading=\"lazy\" decoding=\"async\" class=\"aligncenter\" src=\"https:\/\/www.ifv-bahntechnik.de\/fileserver\/ifv-knoepfe\/startknopf-referenten-400px.png\" alt=\"\" width=\"250\" height=\"249\" \/><\/a><\/p>\n","protected":false},"excerpt":{"rendered":"<p>. &nbsp; . Expertentagung zum Thema Bahn-Sensortechnik \/ Bahn-Digitalisierung: Bahn-Sensortechnik \/\/\/ RAILWAY-SENSORS \/\/\/ Bahn-Digitalisierung . Referenten sind eingeladen, sich AB SOFORT im Rahmen des OPEN CALL FOR PAPERS zu beim Veranstalter zu melden und einen Vortragsvorschlag einzureichen. Thematische Vorgaben: Die Vortragsvorschl\u00e4ge sollen erkennbar mit dem Leit-Thema der Tagung RAILWAY-SENSORS zusammenh\u00e4ngen. . Insbesondere sind Fachvortr\u00e4gen in [&hellip;]<\/p>\n","protected":false},"author":1,"featured_media":0,"parent":24,"menu_order":0,"comment_status":"closed","ping_status":"closed","template":"","meta":{"footnotes":""},"class_list":["post-128","page","type-page","status-publish","hentry"],"_links":{"self":[{"href":"https:\/\/ifv-bahntechnik.de\/railway-sensors\/wp-json\/wp\/v2\/pages\/128","targetHints":{"allow":["GET"]}}],"collection":[{"href":"https:\/\/ifv-bahntechnik.de\/railway-sensors\/wp-json\/wp\/v2\/pages"}],"about":[{"href":"https:\/\/ifv-bahntechnik.de\/railway-sensors\/wp-json\/wp\/v2\/types\/page"}],"author":[{"embeddable":true,"href":"https:\/\/ifv-bahntechnik.de\/railway-sensors\/wp-json\/wp\/v2\/users\/1"}],"replies":[{"embeddable":true,"href":"https:\/\/ifv-bahntechnik.de\/railway-sensors\/wp-json\/wp\/v2\/comments?post=128"}],"version-history":[{"count":5,"href":"https:\/\/ifv-bahntechnik.de\/railway-sensors\/wp-json\/wp\/v2\/pages\/128\/revisions"}],"predecessor-version":[{"id":246,"href":"https:\/\/ifv-bahntechnik.de\/railway-sensors\/wp-json\/wp\/v2\/pages\/128\/revisions\/246"}],"up":[{"embeddable":true,"href":"https:\/\/ifv-bahntechnik.de\/railway-sensors\/wp-json\/wp\/v2\/pages\/24"}],"wp:attachment":[{"href":"https:\/\/ifv-bahntechnik.de\/railway-sensors\/wp-json\/wp\/v2\/media?parent=128"}],"curies":[{"name":"wp","href":"https:\/\/api.w.org\/{rel}","templated":true}]}}

<p style="text-align: right;">.</p>
<p>&nbsp;</p>
<h2></h2>
<p style="text-align: right;">.</p>
<p>Expertentagung zum Thema Bahn-Sensortechnik / Bahn-Digitalisierung:</p>
<p>Bahn-Sensortechnik /// RAILWAY-SENSORS /// Bahn-Digitalisierung</p>
<p style="text-align: right;">.</p>
<p>Referenten sind eingeladen, sich AB SOFORT im Rahmen des OPEN CALL FOR PAPERS zu beim Veranstalter zu melden und einen Vortragsvorschlag einzureichen.</p>
<p>Thematische Vorgaben: Die Vortragsvorschläge sollen erkennbar mit dem Leit-Thema der Tagung RAILWAY-SENSORS zusammenhängen.</p>
<p style="text-align: right;"><strong>.</strong></p>
<p><strong>Insbesondere sind Fachvorträgen in folgenden thematischen Modulen erwünscht:</strong></p>
<ul>
<li>MESS-, STEUER- und REGELUNGSTECHNIK (spezifische Anforderungen im Bahnbereich)</li>
<li>BAHN-SENSORTECHNIK (state of the art): ANALOGE vs. DIGITALE SENSORTECHNIK</li>
<li>DATENANALYTIK (data science) im Bereich Bahntechnik: (a) Bahn-Infrastruktur, (b) Schienenfahrzeuge</li>
<li>FORSCHUNGSPROJEKTE für Anwendungen der Bahn- und Verkehrstechnik</li>
</ul>
<p>Vortragsthemen, die von den o.g. thematischen Modulen sind möglich, sollten jedoch kurz begründet bzw. erläutert werden.</p>
<p>Vorschläge können für Fachvorträge (20 oder 30 Minuten Redezeit) oder Workshops (30 – 45 Minuten Interaktion) eingereicht werden.</p>
<p>&nbsp;</p>
<p><a href="https://expertentagung.info/referenten/"><img loading="lazy" decoding="async" class="aligncenter" src="https://www.ifv-bahntechnik.de/fileserver/ifv-knoepfe/startknopf-referenten-400px.png" alt="" width="250" height="249" /></a></p>

<p>. &nbsp; . Expertentagung zum Thema Bahn-Sensortechnik / Bahn-Digitalisierung: Bahn-Sensortechnik /// RAILWAY-SENSORS /// Bahn-Digitalisierung . Referenten sind eingeladen, sich AB SOFORT im Rahmen des OPEN CALL FOR PAPERS zu beim Veranstalter zu melden und einen Vortragsvorschlag einzureichen. Thematische Vorgaben: Die Vortragsvorschläge sollen erkennbar mit dem Leit-Thema der Tagung RAILWAY-SENSORS zusammenhängen. . Insbesondere sind Fachvorträgen in [&hellip;]</p>
