{"id":166,"date":"2019-03-26T15:36:15","date_gmt":"2019-03-26T14:36:15","guid":{"rendered":"https:\/\/ifv-bahntechnik.de\/railway-sensors\/?page_id=166"},"modified":"2019-03-26T16:17:10","modified_gmt":"2019-03-26T15:17:10","slug":"berufung-in-den-wirtschaftsbeirat","status":"publish","type":"page","link":"https:\/\/ifv-bahntechnik.de\/railway-sensors\/netzwerk\/asc-gmbh\/berufung-in-den-wirtschaftsbeirat\/","title":{"rendered":"Berufung in den Wirtschaftsbeirat"},"content":{"rendered":"<p style=\"text-align: right;\">[Berlin \/ Pfaffenhofen]\n<p style=\"text-align: right;\"><span style=\"color: #ffffff;\">.<\/span><\/p>\n<p>Frau <strong>Renate BAY<\/strong>\u00a0wurde durch gemeinsamen Beschluss von Vorstand und Gesch\u00e4ftsf\u00fchrung des IFV BAHNTECHNIK e.V. in den Fachbeirat\u00a0berufen.<\/p>\n<p>&nbsp;<\/p>\n<p>&nbsp;<\/p>\n<div class=\"wp-caption aligncenter\" style=\"text-align: center;\">\n<p><a href=\"https:\/\/www.ifv-bahntechnik.de\/fileserver\/fachbeirat\/BAY_Renate_Fachbeiratsmitglied_Ernennungsurkunde600px.png\"><img decoding=\"async\" src=\"https:\/\/www.ifv-bahntechnik.de\/fileserver\/fachbeirat\/BAY_Renate_Fachbeiratsmitglied_Ernennungsurkunde600px.png\" alt=\"\" width=\"600\" height=\"\" \/><\/a><\/p>\n<p class=\"wp-caption-text\">Frau Renate BAY, Gesch\u00e4ftsf\u00fchrerin von ASC Sensors GmbH wurde in den Fachbeirat des IFV BAHNTECHNIK e.V. berufen.<\/p>\n<\/div>\n<p>&nbsp;<\/p>\n<p style=\"text-align: right;\"><span style=\"color: #ffffff;\">.<\/span><\/p>\n<ul>\n<li>In ihrer Funktion als Gesch\u00e4ftsf\u00fchrerin von ASC Sensors GmbH besch\u00e4ftigt sie sich schwerpunktm\u00e4\u00dfig mit den Themen <strong>SENSORTECHNIK<\/strong> und <strong>DIGITALISIERUNG<\/strong>, die auch f\u00fcr die strategische Weiterentwicklung des IFV BAHNTECHNIK e.V. von besonderer Relevanz sind.<\/li>\n<\/ul>\n<p style=\"text-align: right;\"><span style=\"color: #ffffff;\">.<\/span><\/p>\n<ul>\n<li>Frau Renate BAY geh\u00f6rt dem WIRTSCHAFTSBEIRAT* des IFV BAHNTECHNIK e.V. an, in dem f\u00fchrende K\u00f6pfe von Unternehmen der Bahn- und Verkehrstechnik vertreten sind.<\/li>\n<\/ul>\n<p style=\"text-align: center;\"><span style=\"color: #ffffff;\">.<\/span><\/p>\n<div class=\"wp-caption aligncenter\" style=\"text-align: center;\">\n<p><a href=\"https:\/\/www.ifv-bahntechnik.de\/fileserver\/fachbeirat\/BAY_Renate_Ernennung-zum-Fachbeirat800px.png\"><img decoding=\"async\" src=\"https:\/\/www.ifv-bahntechnik.de\/fileserver\/fachbeirat\/BAY_Renate_Ernennung-zum-Fachbeirat800px.png\" alt=\"\" width=\"600\" height=\"\" \/><\/a><\/p>\n<p class=\"wp-caption-text\">Vereinsgesch\u00e4ftsf\u00fchrer Diplom-Volkswirt E. SCHULZ gratuliert Frau Renate BAY zur Berufung in den Fachbeirat.<\/p>\n<\/div>\n<p style=\"text-align: center;\"><span style=\"color: #ffffff;\">.<\/span><\/p>\n<p style=\"text-align: right;\"><span style=\"color: #ffffff;\">..<\/span><\/p>\n<blockquote>\n<p style=\"text-align: right;\"><span style=\"color: #ffffff;\">_<\/span><\/p>\n<p>&nbsp;<\/p>\n<blockquote>\n<p style=\"text-align: right;\"><span style=\"color: #ffffff;\">_<\/span><\/p>\n<p>&nbsp;<\/p>\n<p>* Hintergrundinformation *<\/p>\n<div class=\"insert-page insert-page-2542 \" data-post-id=\"2542\">\n<h1 class=\"insert-page-title\">FACHBEIRAT \/ WIRTSCHAFTSBEIRAT<\/h1>\n<p>&nbsp;<\/p>\n<p>Der <strong>FACHBEIRAT <\/strong>ist (gem. \u00a7 10 der Vereinssatzung) offizielles Organ des IFV BAHNTECHNIK e.V.,\u00a0in dem anerkannte Experten aus WIRTSCHAFT, POLITIK, GESELLSCHAFT und WISSENSCHAFT zusammengeschlossen sind, um \u00fcber\u00a0wesentliche Aspekte der Bahn- und Verkehrstechnik zu beraten.<\/p>\n<p>Der <strong>WIRTSCHAFTSBEIRAT<\/strong> besteht aus ausgew\u00e4hlten Vertretern der Bahn- und Verkehrswirtschaft und hat die Aufgabe, Vorstand und Vereinsgesch\u00e4ftsf\u00fchrung in relevanten Fragen zu Entwicklung von M\u00e4rkten und Technologien zu beraten und somit einen wichtigen Beitrag zur Weiterentwicklung des INTERDISZIPLIN\u00c4REN FORSCHUNGSVERBUNDES BAHNTECHNIK zu leisten.<\/p>\n<p>Mehr Informationen zum Thema &gt;&gt;&gt; <strong><a href=\"https:\/\/ifv-bahntechnik.de\/ifv-vereinsprofil\/fachbeirat\/\">Fachbeirat<\/a><\/strong><\/p>\n<\/div>\n<p style=\"text-align: right;\"><span style=\"color: #ffffff;\">_<\/span><\/p>\n<\/blockquote>\n<p style=\"text-align: right;\"><span style=\"color: #ffffff;\">_<\/span><\/p>\n<\/blockquote>\n<p style=\"text-align: right;\"><span style=\"color: #ffffff;\">.<\/span><\/p>\n<p style=\"text-align: right;\">###<\/p>\n<p style=\"text-align: right;\">#IFV BAHNTECHNIK, #FACHBEIRAT, #SENSORTECHNIK, #DIGITALISIERUNG, #ASC Sensors<\/p>\n<p style=\"text-align: right;\"><a href=\"https:\/\/www.linkedin.com\/feed\/update\/urn:li:activity:6497092074398064640\" target=\"_blank\" rel=\"noopener noreferrer\">LinkedIn<\/a><\/p>\n<p style=\"text-align: right;\"><a href=\"https:\/\/www.xing.com\/communities\/posts\/personalia-frau-renate-bay-wurde-in-den-fachbeirat-berufen-1015969879\" target=\"_blank\" rel=\"noopener noreferrer\">Xing<\/a><\/p>\n<p style=\"text-align: right;\"><a href=\"https:\/\/twitter.com\/bahntechnik\/status\/1091329660749795329\" target=\"_blank\" rel=\"noopener noreferrer\">Bahntechnik@Twitter<\/a><\/p>\n<p style=\"text-align: right;\">###<\/p>\n<p>&nbsp;<\/p>\n","protected":false},"excerpt":{"rendered":"<p>[Berlin \/ Pfaffenhofen] . Frau Renate BAY\u00a0wurde durch gemeinsamen Beschluss von Vorstand und Gesch\u00e4ftsf\u00fchrung des IFV BAHNTECHNIK e.V. in den Fachbeirat\u00a0berufen. &nbsp; &nbsp; Frau Renate BAY, Gesch\u00e4ftsf\u00fchrerin von ASC Sensors GmbH wurde in den Fachbeirat des IFV BAHNTECHNIK e.V. berufen. &nbsp; . In ihrer Funktion als Gesch\u00e4ftsf\u00fchrerin von ASC Sensors GmbH besch\u00e4ftigt sie sich schwerpunktm\u00e4\u00dfig [&hellip;]<\/p>\n","protected":false},"author":1,"featured_media":0,"parent":76,"menu_order":0,"comment_status":"closed","ping_status":"closed","template":"","meta":{"footnotes":""},"class_list":["post-166","page","type-page","status-publish","hentry"],"_links":{"self":[{"href":"https:\/\/ifv-bahntechnik.de\/railway-sensors\/wp-json\/wp\/v2\/pages\/166","targetHints":{"allow":["GET"]}}],"collection":[{"href":"https:\/\/ifv-bahntechnik.de\/railway-sensors\/wp-json\/wp\/v2\/pages"}],"about":[{"href":"https:\/\/ifv-bahntechnik.de\/railway-sensors\/wp-json\/wp\/v2\/types\/page"}],"author":[{"embeddable":true,"href":"https:\/\/ifv-bahntechnik.de\/railway-sensors\/wp-json\/wp\/v2\/users\/1"}],"replies":[{"embeddable":true,"href":"https:\/\/ifv-bahntechnik.de\/railway-sensors\/wp-json\/wp\/v2\/comments?post=166"}],"version-history":[{"count":3,"href":"https:\/\/ifv-bahntechnik.de\/railway-sensors\/wp-json\/wp\/v2\/pages\/166\/revisions"}],"predecessor-version":[{"id":181,"href":"https:\/\/ifv-bahntechnik.de\/railway-sensors\/wp-json\/wp\/v2\/pages\/166\/revisions\/181"}],"up":[{"embeddable":true,"href":"https:\/\/ifv-bahntechnik.de\/railway-sensors\/wp-json\/wp\/v2\/pages\/76"}],"wp:attachment":[{"href":"https:\/\/ifv-bahntechnik.de\/railway-sensors\/wp-json\/wp\/v2\/media?parent=166"}],"curies":[{"name":"wp","href":"https:\/\/api.w.org\/{rel}","templated":true}]}}

<p style="text-align: right;">[Berlin / Pfaffenhofen]
<p style="text-align: right;"><span style="color: #ffffff;">.</span></p>
<p>Frau <strong>Renate BAY</strong> wurde durch gemeinsamen Beschluss von Vorstand und Geschäftsführung des IFV BAHNTECHNIK e.V. in den Fachbeirat berufen.</p>
<p>&nbsp;</p>
<p>&nbsp;</p>
<div class="wp-caption aligncenter" style="text-align: center;">
<p><a href="https://www.ifv-bahntechnik.de/fileserver/fachbeirat/BAY_Renate_Fachbeiratsmitglied_Ernennungsurkunde600px.png"><img decoding="async" src="https://www.ifv-bahntechnik.de/fileserver/fachbeirat/BAY_Renate_Fachbeiratsmitglied_Ernennungsurkunde600px.png" alt="" width="600" height="" /></a></p>
<p class="wp-caption-text">Frau Renate BAY, Geschäftsführerin von ASC Sensors GmbH wurde in den Fachbeirat des IFV BAHNTECHNIK e.V. berufen.</p>
</div>
<p>&nbsp;</p>
<p style="text-align: right;"><span style="color: #ffffff;">.</span></p>
<ul>
<li>In ihrer Funktion als Geschäftsführerin von ASC Sensors GmbH beschäftigt sie sich schwerpunktmäßig mit den Themen <strong>SENSORTECHNIK</strong> und <strong>DIGITALISIERUNG</strong>, die auch für die strategische Weiterentwicklung des IFV BAHNTECHNIK e.V. von besonderer Relevanz sind.</li>
</ul>
<p style="text-align: right;"><span style="color: #ffffff;">.</span></p>
<ul>
<li>Frau Renate BAY gehört dem WIRTSCHAFTSBEIRAT* des IFV BAHNTECHNIK e.V. an, in dem führende Köpfe von Unternehmen der Bahn- und Verkehrstechnik vertreten sind.</li>
</ul>
<p style="text-align: center;"><span style="color: #ffffff;">.</span></p>
<div class="wp-caption aligncenter" style="text-align: center;">
<p><a href="https://www.ifv-bahntechnik.de/fileserver/fachbeirat/BAY_Renate_Ernennung-zum-Fachbeirat800px.png"><img decoding="async" src="https://www.ifv-bahntechnik.de/fileserver/fachbeirat/BAY_Renate_Ernennung-zum-Fachbeirat800px.png" alt="" width="600" height="" /></a></p>
<p class="wp-caption-text">Vereinsgeschäftsführer Diplom-Volkswirt E. SCHULZ gratuliert Frau Renate BAY zur Berufung in den Fachbeirat.</p>
</div>
<p style="text-align: center;"><span style="color: #ffffff;">.</span></p>
<p style="text-align: right;"><span style="color: #ffffff;">..</span></p>
<blockquote>
<p style="text-align: right;"><span style="color: #ffffff;">_</span></p>
<p>&nbsp;</p>
<blockquote>
<p style="text-align: right;"><span style="color: #ffffff;">_</span></p>
<p>&nbsp;</p>
<p>* Hintergrundinformation *</p>
<div class="insert-page insert-page-2542 " data-post-id="2542">
<h1 class="insert-page-title">FACHBEIRAT / WIRTSCHAFTSBEIRAT</h1>
<p>&nbsp;</p>
<p>Der <strong>FACHBEIRAT </strong>ist (gem. § 10 der Vereinssatzung) offizielles Organ des IFV BAHNTECHNIK e.V., in dem anerkannte Experten aus WIRTSCHAFT, POLITIK, GESELLSCHAFT und WISSENSCHAFT zusammengeschlossen sind, um über wesentliche Aspekte der Bahn- und Verkehrstechnik zu beraten.</p>
<p>Der <strong>WIRTSCHAFTSBEIRAT</strong> besteht aus ausgewählten Vertretern der Bahn- und Verkehrswirtschaft und hat die Aufgabe, Vorstand und Vereinsgeschäftsführung in relevanten Fragen zu Entwicklung von Märkten und Technologien zu beraten und somit einen wichtigen Beitrag zur Weiterentwicklung des INTERDISZIPLINÄREN FORSCHUNGSVERBUNDES BAHNTECHNIK zu leisten.</p>
<p>Mehr Informationen zum Thema &gt;&gt;&gt; <strong><a href="https://ifv-bahntechnik.de/ifv-vereinsprofil/fachbeirat/">Fachbeirat</a></strong></p>
</div>
<p style="text-align: right;"><span style="color: #ffffff;">_</span></p>
</blockquote>
<p style="text-align: right;"><span style="color: #ffffff;">_</span></p>
</blockquote>
<p style="text-align: right;"><span style="color: #ffffff;">.</span></p>
<p style="text-align: right;">###</p>
<p style="text-align: right;">#IFV BAHNTECHNIK, #FACHBEIRAT, #SENSORTECHNIK, #DIGITALISIERUNG, #ASC Sensors</p>
<p style="text-align: right;"><a href="https://www.linkedin.com/feed/update/urn:li:activity:6497092074398064640" target="_blank" rel="noopener noreferrer">LinkedIn</a></p>
<p style="text-align: right;"><a href="https://www.xing.com/communities/posts/personalia-frau-renate-bay-wurde-in-den-fachbeirat-berufen-1015969879" target="_blank" rel="noopener noreferrer">Xing</a></p>
<p style="text-align: right;"><a href="https://twitter.com/bahntechnik/status/1091329660749795329" target="_blank" rel="noopener noreferrer">Bahntechnik@Twitter</a></p>
<p style="text-align: right;">###</p>
<p>&nbsp;</p>

<p>[Berlin / Pfaffenhofen] . Frau Renate BAY wurde durch gemeinsamen Beschluss von Vorstand und Geschäftsführung des IFV BAHNTECHNIK e.V. in den Fachbeirat berufen. &nbsp; &nbsp; Frau Renate BAY, Geschäftsführerin von ASC Sensors GmbH wurde in den Fachbeirat des IFV BAHNTECHNIK e.V. berufen. &nbsp; . In ihrer Funktion als Geschäftsführerin von ASC Sensors GmbH beschäftigt sie sich schwerpunktmäßig [&hellip;]</p>
