{"id":20,"date":"2019-06-21T22:22:54","date_gmt":"2019-06-21T20:22:54","guid":{"rendered":"https:\/\/ifv-bahntechnik.de\/vereinsmitglieder\/?page_id=20"},"modified":"2019-06-22T19:36:29","modified_gmt":"2019-06-22T17:36:29","slug":"sommer-exkursion","status":"publish","type":"page","link":"https:\/\/ifv-bahntechnik.de\/vereinsmitglieder\/veranstaltungen\/sommer-exkursion\/","title":{"rendered":"SOMMER-EXKURSION"},"content":{"rendered":"<h2>Sommer-Exkursion 2019<\/h2>\n<p><img decoding=\"async\" src=\"https:\/\/www.ifv-bahntechnik.de\/fileserver\/2019\/sommer-exkursion-600px.png\" \/>\u00a0 \u00a0<img loading=\"lazy\" decoding=\"async\" class=\"\" src=\"https:\/\/www.ifv-bahntechnik.de\/fileserver\/2019\/ifv-mitgliedschaftsbutton-firmen-400px.png\" width=\"262\" height=\"269\" \/><\/p>\n<p style=\"text-align: right;\">.<\/p>\n<ul>\n<li><strong>SIEMENS PR\u00dcFCENTER WEGBERG-WILDENRATH<\/strong><\/li>\n<li>Termin: Donnerstag, 04.07.2019<\/li>\n<li>Ort: Siemens Mobility GmbH &#8211; PCW &#8211; Informationen zum PWC zum\u00a0Download<\/li>\n<li>Friedrich-List-Allee 1, 41844 Wegberg-Wildenrath<\/li>\n<li>Treffpunkt:\u00a0 08:15 &#8211; 08:45 Uhr an der Pforte<\/li>\n<li>Ende: voraussichtlich 13:45 Uhr<\/li>\n<li>Informationen zum PWC zum <strong><a href=\"https:\/\/assets.new.siemens.com\/siemens\/assets\/public.1543085059.e3571d930066179caa304cfb615082e14d6679c8.sie-mo-cs-16-243-pcw-broschuere-de-rz-screen.pdf\" target=\"_blank\" rel=\"noopener noreferrer\">Download<\/a><\/strong><\/li>\n<li>Informationen zur SOMMER-EXKURSION 2019 zum <strong><a href=\"https:\/\/www.ifv-bahntechnik.de\/sommer-exkursion.pdf\" target=\"_blank\" rel=\"noopener noreferrer\">Download<\/a><\/strong><\/li>\n<\/ul>\n<p style=\"text-align: right;\">.<\/p>\n<p>.<\/p>\n<h2><strong>GESCH\u00c4FTSF\u00dcHRER-EXKURSION zu einem besonders interessanten Standort vom Siemens Mobility GmbH<\/strong><\/h2>\n<p>Der IFV BAHNTECHNIK e.V. l\u00e4dt die Repr\u00e4sentanten der Mitgliedsfirmen im IFV-F\u00f6rderkreis herzlich ein, bei dieser besonderen Sommer-Exkursion 2019 dabei zu sein!<\/p>\n<p>Mit der GESCH\u00c4FTSF\u00dcHRER-EXKURSION bedanken wir uns mit einer interessanten Sommerreise zu einem interessanten Exkursionsziel bei unseren gesch\u00e4tzten F\u00f6rderkreismitgliedern f\u00fcr die ganzj\u00e4hrige Unterst\u00fctzung des Vereins. Sofern Sie selbst verhindert sein sollten, kann ein anderer Repr\u00e4sentant Ihres Unternehmens (Vorstand, Gesch\u00e4ftsf\u00fchrung, Gesellschafter, Inhaber) einen der begehrten Pl\u00e4tze mit dem beiliegenden Anmeldeformular reservieren. (First come &#8211; First serve!)<\/p>\n<p>Bei der IFV-SOMMER-EXKURSION begegnen sich Teilnehmer aus der F\u00fchrungsetage der F\u00f6rderkreis-Mitglieder zu einer interessanten Besichtigung, zum fachlichen Gedankenaustausch sowie zum pers\u00f6nlichen Networking.<\/p>\n<p>&nbsp;<\/p>\n<ul>\n<li>Information zum Ablauf: <a href=\"https:\/\/www.ifv-bahntechnik.de\/sommer-exkursion.pdf\" target=\"_blank\" rel=\"noopener noreferrer\"><img loading=\"lazy\" decoding=\"async\" class=\"aligncenter\" src=\"https:\/\/www.ifv-bahntechnik.de\/fileserver\/2019\/sommer-exkursion-2019-prospekt-400px.png\" alt=\"\" width=\"400\" height=\"553\" \/><\/a><\/li>\n<\/ul>\n<p>&nbsp;<\/p>\n<p>Sie sollten dabei sein, wenn Sie Gesch\u00e4ftsf\u00fchrer, Vorstands-, Aufsichtsrats- oder Beiratsmitglieder bzw. F\u00fchrungskr\u00e4fte im Firmenf\u00f6rderkreis des IFV BAHNTECHNIK treffen.<\/p>\n<p>Wir vernetzen die \u201ef\u00fchrenden K\u00f6pfe\u201c der Bahn- und Verkehrstechnik.<\/p>\n<p style=\"text-align: right;\">.<\/p>\n<p><a href=\"https:\/\/www.railway-network.eu\/tagungshomepage\/2011\/exkursion\"><img loading=\"lazy\" decoding=\"async\" class=\"size-medium aligncenter\" src=\"https:\/\/www.railway-network.eu\/tagungshomepage\/2011\/exkursion\/slides\/11_Eingang_ExkursionPCW_IFV-Bahntechnik_Copyright2011.JPG\" width=\"640\" height=\"428\" \/><\/a><\/p>\n<p style=\"text-align: center;\"><a href=\"https:\/\/www.railway-network.eu\/tagungshomepage\/2011\/exkursion\" target=\"_blank\" rel=\"noopener noreferrer\">Fotoalbum der Gesch\u00e4ftsf\u00fchrerexkursion 2011 nach Wegberg-Wildenrath<\/a><\/p>\n<h3 style=\"text-align: right;\">.<\/h3>\n<h3>Teilnahmeberechtigter Personenkreis:<\/h3>\n<p style=\"padding-left: 80px;\">[]\u00a0 Gesch\u00e4ftsf\u00fchrer, Vorstand oder Aufsichtsrat eines Unternehmens im Firmenf\u00f6rderkreis des IFV BAHNTECHNIK e.V.<\/p>\n<p style=\"padding-left: 80px;\">[]\u00a0 F\u00fchrungskraft im Firmenf\u00f6rderkreis des IFV Bahntechnik (&#8220;Besondere Ansprechpartner&#8221;)<\/p>\n<p style=\"padding-left: 80px;\">[]\u00a0 Mitglied im IFV-Vereinsvorstand bzw. Rechnungspr\u00fcfer<\/p>\n<p style=\"padding-left: 80px;\">[]\u00a0 Gesch\u00e4ftsf\u00fchrer \/ F\u00fchrungskraft eines Unternehmen, das zeitgleich mit dieser Anmeldung einen Antrag auf f\u00f6rdernde Mitgliedschaft stellt<\/p>\n<p style=\"padding-left: 80px;\">[]\u00a0 Gesch\u00e4ftsf\u00fchrer einer NICHT-IFV-Mitgliedsfirma mit einem TICKET zum Preis: 999 \u20ac (netto)<\/p>\n<p style=\"padding-left: 80px;\">[]\u00a0 Mitglied im IFV-Fachbeirat (ggf. \u00fcber Warteliste &#8211; first come, first serve!)<\/p>\n<p style=\"padding-left: 80px;\">[]\u00a0 Keine der vorgenannten Optionen trifft zu. Bitte erl\u00e4utern Sie uns, aus welchen\u00a0Gr\u00fcnden Sie dennoch bei der Sommer-Exkursion teilnehmen sollten.<\/p>\n<p style=\"text-align: right;\">.<\/p>\n<ul>\n<li>INFORMATION zur Sommer-Exkursion zum Download &gt;&gt;&gt;\u00a0<a href=\"https:\/\/www.ifv-bahntechnik.de\/sommer-exkursion.pdf\" target=\"_blank\" rel=\"noopener noreferrer\">https:\/\/www.ifv-bahntechnik.de\/sommer-exkursion.pdf<\/a><\/li>\n<\/ul>\n<p>&nbsp;<\/p>\n<h3>ANMELDUNG (obligatorisch):<\/h3>\n<ul>\n<li>Um ANMELDUNG wird gebeten bis zum 02.07.2019.<\/li>\n<li>Weil die Anzahl der Teilnehmerpl\u00e4tze limitiert ist, k\u00f6nnen nur Personen mit einer g\u00fcltigen Check In Card f\u00fcr diese Veranstaltung (Anmeldebest\u00e4tigung des IFV) teilnehmen.<\/li>\n<li>ONLINE-ANMELDEFORMULAR &gt;&gt;&gt; <a href=\"https:\/\/ifv-bahntechnik.de\/vereinsmitglieder\/startseite\/anmeldung-zur-sommer-exkursion-firmenfoerderkreis\/\" target=\"_blank\" rel=\"noopener noreferrer\"><img loading=\"lazy\" decoding=\"async\" class=\"aligncenter\" src=\"https:\/\/www.ifv-bahntechnik.de\/fileserver\/ifv-grafiken\/button600anmelden.png\" alt=\"\" width=\"388\" height=\"388\" \/><\/a><\/li>\n<\/ul>\n<p style=\"text-align: right;\">.<\/p>\n<p style=\"text-align: right;\">Technischer Hinweis:<\/p>\n<p style=\"text-align: right;\">Falls das Online-Formular nicht korrekt angezeigt werden sollte,<\/p>\n<p style=\"text-align: right;\">verwenden Sie bitte das konventionelle Anmeldeformular &gt;&gt;&gt; <a class=\"art-button\" href=\"https:\/\/www.ifv-bahntechnik.de\/sommer-exkursion.pdf\" target=\"_blank\" rel=\"noopener noreferrer\">PDF<\/a><\/p>\n<p>&nbsp;<\/p>\n<p style=\"text-align: right;\">.<\/p>\n<p>Haben Sie Fragen?<\/p>\n<p>&gt;&gt;&gt; <a href=\"https:\/\/ifv-bahntechnik.de\/kontakt\/\">Kontakt zur Vereinsgesch\u00e4ftsstelle<\/a><\/p>\n<p style=\"text-align: right;\">.<\/p>\n<p style=\"text-align: right;\">.<\/p>\n<p style=\"text-align: right;\">#<\/p>\n","protected":false},"excerpt":{"rendered":"<p>Sommer-Exkursion 2019 \u00a0 \u00a0 . SIEMENS PR\u00dcFCENTER WEGBERG-WILDENRATH Termin: Donnerstag, 04.07.2019 Ort: Siemens Mobility GmbH &#8211; PCW &#8211; Informationen zum PWC zum\u00a0Download Friedrich-List-Allee 1, 41844 Wegberg-Wildenrath Treffpunkt:\u00a0 08:15 &#8211; 08:45 Uhr an der Pforte Ende: voraussichtlich 13:45 Uhr Informationen zum PWC zum Download Informationen zur SOMMER-EXKURSION 2019 zum Download . . GESCH\u00c4FTSF\u00dcHRER-EXKURSION zu einem besonders [&hellip;]<\/p>\n","protected":false},"author":1,"featured_media":0,"parent":16,"menu_order":1,"comment_status":"closed","ping_status":"closed","template":"","meta":{"footnotes":""},"class_list":["post-20","page","type-page","status-publish","hentry"],"_links":{"self":[{"href":"https:\/\/ifv-bahntechnik.de\/vereinsmitglieder\/wp-json\/wp\/v2\/pages\/20","targetHints":{"allow":["GET"]}}],"collection":[{"href":"https:\/\/ifv-bahntechnik.de\/vereinsmitglieder\/wp-json\/wp\/v2\/pages"}],"about":[{"href":"https:\/\/ifv-bahntechnik.de\/vereinsmitglieder\/wp-json\/wp\/v2\/types\/page"}],"author":[{"embeddable":true,"href":"https:\/\/ifv-bahntechnik.de\/vereinsmitglieder\/wp-json\/wp\/v2\/users\/1"}],"replies":[{"embeddable":true,"href":"https:\/\/ifv-bahntechnik.de\/vereinsmitglieder\/wp-json\/wp\/v2\/comments?post=20"}],"version-history":[{"count":11,"href":"https:\/\/ifv-bahntechnik.de\/vereinsmitglieder\/wp-json\/wp\/v2\/pages\/20\/revisions"}],"predecessor-version":[{"id":116,"href":"https:\/\/ifv-bahntechnik.de\/vereinsmitglieder\/wp-json\/wp\/v2\/pages\/20\/revisions\/116"}],"up":[{"embeddable":true,"href":"https:\/\/ifv-bahntechnik.de\/vereinsmitglieder\/wp-json\/wp\/v2\/pages\/16"}],"wp:attachment":[{"href":"https:\/\/ifv-bahntechnik.de\/vereinsmitglieder\/wp-json\/wp\/v2\/media?parent=20"}],"curies":[{"name":"wp","href":"https:\/\/api.w.org\/{rel}","templated":true}]}}

<h2>Sommer-Exkursion 2019</h2>
<p><img decoding="async" src="https://www.ifv-bahntechnik.de/fileserver/2019/sommer-exkursion-600px.png" />   <img loading="lazy" decoding="async" class="" src="https://www.ifv-bahntechnik.de/fileserver/2019/ifv-mitgliedschaftsbutton-firmen-400px.png" width="262" height="269" /></p>
<p style="text-align: right;">.</p>
<ul>
<li><strong>SIEMENS PRÜFCENTER WEGBERG-WILDENRATH</strong></li>
<li>Termin: Donnerstag, 04.07.2019</li>
<li>Ort: Siemens Mobility GmbH &#8211; PCW &#8211; Informationen zum PWC zum Download</li>
<li>Friedrich-List-Allee 1, 41844 Wegberg-Wildenrath</li>
<li>Treffpunkt:  08:15 &#8211; 08:45 Uhr an der Pforte</li>
<li>Ende: voraussichtlich 13:45 Uhr</li>
<li>Informationen zum PWC zum <strong><a href="https://assets.new.siemens.com/siemens/assets/public.1543085059.e3571d930066179caa304cfb615082e14d6679c8.sie-mo-cs-16-243-pcw-broschuere-de-rz-screen.pdf" target="_blank" rel="noopener noreferrer">Download</a></strong></li>
<li>Informationen zur SOMMER-EXKURSION 2019 zum <strong><a href="https://www.ifv-bahntechnik.de/sommer-exkursion.pdf" target="_blank" rel="noopener noreferrer">Download</a></strong></li>
</ul>
<p style="text-align: right;">.</p>
<p>.</p>
<h2><strong>GESCHÄFTSFÜHRER-EXKURSION zu einem besonders interessanten Standort vom Siemens Mobility GmbH</strong></h2>
<p>Der IFV BAHNTECHNIK e.V. lädt die Repräsentanten der Mitgliedsfirmen im IFV-Förderkreis herzlich ein, bei dieser besonderen Sommer-Exkursion 2019 dabei zu sein!</p>
<p>Mit der GESCHÄFTSFÜHRER-EXKURSION bedanken wir uns mit einer interessanten Sommerreise zu einem interessanten Exkursionsziel bei unseren geschätzten Förderkreismitgliedern für die ganzjährige Unterstützung des Vereins. Sofern Sie selbst verhindert sein sollten, kann ein anderer Repräsentant Ihres Unternehmens (Vorstand, Geschäftsführung, Gesellschafter, Inhaber) einen der begehrten Plätze mit dem beiliegenden Anmeldeformular reservieren. (First come &#8211; First serve!)</p>
<p>Bei der IFV-SOMMER-EXKURSION begegnen sich Teilnehmer aus der Führungsetage der Förderkreis-Mitglieder zu einer interessanten Besichtigung, zum fachlichen Gedankenaustausch sowie zum persönlichen Networking.</p>
<p>&nbsp;</p>
<ul>
<li>Information zum Ablauf: <a href="https://www.ifv-bahntechnik.de/sommer-exkursion.pdf" target="_blank" rel="noopener noreferrer"><img loading="lazy" decoding="async" class="aligncenter" src="https://www.ifv-bahntechnik.de/fileserver/2019/sommer-exkursion-2019-prospekt-400px.png" alt="" width="400" height="553" /></a></li>
</ul>
<p>&nbsp;</p>
<p>Sie sollten dabei sein, wenn Sie Geschäftsführer, Vorstands-, Aufsichtsrats- oder Beiratsmitglieder bzw. Führungskräfte im Firmenförderkreis des IFV BAHNTECHNIK treffen.</p>
<p>Wir vernetzen die „führenden Köpfe“ der Bahn- und Verkehrstechnik.</p>
<p style="text-align: right;">.</p>
<p><a href="https://www.railway-network.eu/tagungshomepage/2011/exkursion"><img loading="lazy" decoding="async" class="size-medium aligncenter" src="https://www.railway-network.eu/tagungshomepage/2011/exkursion/slides/11_Eingang_ExkursionPCW_IFV-Bahntechnik_Copyright2011.JPG" width="640" height="428" /></a></p>
<p style="text-align: center;"><a href="https://www.railway-network.eu/tagungshomepage/2011/exkursion" target="_blank" rel="noopener noreferrer">Fotoalbum der Geschäftsführerexkursion 2011 nach Wegberg-Wildenrath</a></p>
<h3 style="text-align: right;">.</h3>
<h3>Teilnahmeberechtigter Personenkreis:</h3>
<p style="padding-left: 80px;">[]  Geschäftsführer, Vorstand oder Aufsichtsrat eines Unternehmens im Firmenförderkreis des IFV BAHNTECHNIK e.V.</p>
<p style="padding-left: 80px;">[]  Führungskraft im Firmenförderkreis des IFV Bahntechnik (&#8220;Besondere Ansprechpartner&#8221;)</p>
<p style="padding-left: 80px;">[]  Mitglied im IFV-Vereinsvorstand bzw. Rechnungsprüfer</p>
<p style="padding-left: 80px;">[]  Geschäftsführer / Führungskraft eines Unternehmen, das zeitgleich mit dieser Anmeldung einen Antrag auf fördernde Mitgliedschaft stellt</p>
<p style="padding-left: 80px;">[]  Geschäftsführer einer NICHT-IFV-Mitgliedsfirma mit einem TICKET zum Preis: 999 € (netto)</p>
<p style="padding-left: 80px;">[]  Mitglied im IFV-Fachbeirat (ggf. über Warteliste &#8211; first come, first serve!)</p>
<p style="padding-left: 80px;">[]  Keine der vorgenannten Optionen trifft zu. Bitte erläutern Sie uns, aus welchen Gründen Sie dennoch bei der Sommer-Exkursion teilnehmen sollten.</p>
<p style="text-align: right;">.</p>
<ul>
<li>INFORMATION zur Sommer-Exkursion zum Download &gt;&gt;&gt; <a href="https://www.ifv-bahntechnik.de/sommer-exkursion.pdf" target="_blank" rel="noopener noreferrer">https://www.ifv-bahntechnik.de/sommer-exkursion.pdf</a></li>
</ul>
<p>&nbsp;</p>
<h3>ANMELDUNG (obligatorisch):</h3>
<ul>
<li>Um ANMELDUNG wird gebeten bis zum 02.07.2019.</li>
<li>Weil die Anzahl der Teilnehmerplätze limitiert ist, können nur Personen mit einer gültigen Check In Card für diese Veranstaltung (Anmeldebestätigung des IFV) teilnehmen.</li>
<li>ONLINE-ANMELDEFORMULAR &gt;&gt;&gt; <a href="https://ifv-bahntechnik.de/vereinsmitglieder/startseite/anmeldung-zur-sommer-exkursion-firmenfoerderkreis/" target="_blank" rel="noopener noreferrer"><img loading="lazy" decoding="async" class="aligncenter" src="https://www.ifv-bahntechnik.de/fileserver/ifv-grafiken/button600anmelden.png" alt="" width="388" height="388" /></a></li>
</ul>
<p style="text-align: right;">.</p>
<p style="text-align: right;">Technischer Hinweis:</p>
<p style="text-align: right;">Falls das Online-Formular nicht korrekt angezeigt werden sollte,</p>
<p style="text-align: right;">verwenden Sie bitte das konventionelle Anmeldeformular &gt;&gt;&gt; <a class="art-button" href="https://www.ifv-bahntechnik.de/sommer-exkursion.pdf" target="_blank" rel="noopener noreferrer">PDF</a></p>
<p>&nbsp;</p>
<p style="text-align: right;">.</p>
<p>Haben Sie Fragen?</p>
<p>&gt;&gt;&gt; <a href="https://ifv-bahntechnik.de/kontakt/">Kontakt zur Vereinsgeschäftsstelle</a></p>
<p style="text-align: right;">.</p>
<p style="text-align: right;">.</p>
<p style="text-align: right;">#</p>

<p>Sommer-Exkursion 2019     . SIEMENS PRÜFCENTER WEGBERG-WILDENRATH Termin: Donnerstag, 04.07.2019 Ort: Siemens Mobility GmbH &#8211; PCW &#8211; Informationen zum PWC zum Download Friedrich-List-Allee 1, 41844 Wegberg-Wildenrath Treffpunkt:  08:15 &#8211; 08:45 Uhr an der Pforte Ende: voraussichtlich 13:45 Uhr Informationen zum PWC zum Download Informationen zur SOMMER-EXKURSION 2019 zum Download . . GESCHÄFTSFÜHRER-EXKURSION zu einem besonders [&hellip;]</p>
