{"id":80,"date":"2019-06-22T17:29:28","date_gmt":"2019-06-22T15:29:28","guid":{"rendered":"https:\/\/ifv-bahntechnik.de\/vereinsmitglieder\/?page_id=80"},"modified":"2019-07-17T12:31:44","modified_gmt":"2019-07-17T10:31:44","slug":"anmeldung-zum-sommer-empfang","status":"publish","type":"page","link":"https:\/\/ifv-bahntechnik.de\/vereinsmitglieder\/startseite\/anmeldung-zum-sommer-empfang\/","title":{"rendered":"05.07.2019 &#8211; Anmeldung zum Sommer-Empfang"},"content":{"rendered":"<p><img decoding=\"async\" src=\"https:\/\/www.ifv-bahntechnik.de\/fileserver\/2019\/sommer-empfang-600px.png\" \/><\/p>\n<p>&nbsp;<\/p>\n<p>Hinweis: Es gibt auch KOMBI-ANMELDEFORMULARE F\u00fcr Vereinsmitglieder, die sich sowohl f\u00fcr die MITGLIEDERVERSAMMLUNG als auch f\u00fcr den SOMMER-EMPFANG anmelden m\u00f6chten:<\/p>\n<p>&gt;&gt;&gt; <a href=\"https:\/\/ifv-bahntechnik.de\/vereinsmitglieder\/startseite\/anmeldeformular_persoenliche_mitglieder\/\">Anmeldeformular f\u00fcr pers\u00f6nliche Vereinsmitglieder (KOMBI-Formular f\u00fcr MV plus Sommer-Empfang)<\/a><\/p>\n<p>&gt;&gt;&gt; <a href=\"https:\/\/ifv-bahntechnik.de\/vereinsmitglieder\/startseite\/anmeldeformular-fuer-mitglieder-im-firmenfoerderkreis\/\">Anmeldeformular f\u00fcr Mitglieder im Firmenf\u00f6rderkreis (KOMBI-Formular f\u00fcr MV plus Sommer-Empfang)<\/a><\/p>\n<p style=\"text-align: right;\">.<\/p>\n<p>Vereinsmitglieder, die nicht an der Mitgliederversammlung teilnehmen m\u00f6chten, k\u00f6nnen sich mit dem folgenden Formular zum SOMMER-EMPFANG 2019 anmelden:<\/p>\n<p style=\"text-align: right;\">.<\/p>\n<blockquote>\n<p style=\"text-align: right;\">_<\/p>\n<p>Dieser Termin liegt in der VERGANGENHEIT.<\/p>\n<p>Das Anmeldeformular wurde DEAKTIVIERT.<\/p>\n<p style=\"text-align: right;\">_<\/p>\n<\/blockquote>\n<p style=\"text-align: right;\">.<\/p>\n<p>&nbsp;<\/p>\n","protected":false},"excerpt":{"rendered":"<p>&nbsp; Hinweis: Es gibt auch KOMBI-ANMELDEFORMULARE F\u00fcr Vereinsmitglieder, die sich sowohl f\u00fcr die MITGLIEDERVERSAMMLUNG als auch f\u00fcr den SOMMER-EMPFANG anmelden m\u00f6chten: &gt;&gt;&gt; Anmeldeformular f\u00fcr pers\u00f6nliche Vereinsmitglieder (KOMBI-Formular f\u00fcr MV plus Sommer-Empfang) &gt;&gt;&gt; Anmeldeformular f\u00fcr Mitglieder im Firmenf\u00f6rderkreis (KOMBI-Formular f\u00fcr MV plus Sommer-Empfang) . Vereinsmitglieder, die nicht an der Mitgliederversammlung teilnehmen m\u00f6chten, k\u00f6nnen sich mit dem [&hellip;]<\/p>\n","protected":false},"author":1,"featured_media":0,"parent":2,"menu_order":4,"comment_status":"closed","ping_status":"closed","template":"","meta":{"footnotes":""},"class_list":["post-80","page","type-page","status-publish","hentry"],"_links":{"self":[{"href":"https:\/\/ifv-bahntechnik.de\/vereinsmitglieder\/wp-json\/wp\/v2\/pages\/80","targetHints":{"allow":["GET"]}}],"collection":[{"href":"https:\/\/ifv-bahntechnik.de\/vereinsmitglieder\/wp-json\/wp\/v2\/pages"}],"about":[{"href":"https:\/\/ifv-bahntechnik.de\/vereinsmitglieder\/wp-json\/wp\/v2\/types\/page"}],"author":[{"embeddable":true,"href":"https:\/\/ifv-bahntechnik.de\/vereinsmitglieder\/wp-json\/wp\/v2\/users\/1"}],"replies":[{"embeddable":true,"href":"https:\/\/ifv-bahntechnik.de\/vereinsmitglieder\/wp-json\/wp\/v2\/comments?post=80"}],"version-history":[{"count":6,"href":"https:\/\/ifv-bahntechnik.de\/vereinsmitglieder\/wp-json\/wp\/v2\/pages\/80\/revisions"}],"predecessor-version":[{"id":194,"href":"https:\/\/ifv-bahntechnik.de\/vereinsmitglieder\/wp-json\/wp\/v2\/pages\/80\/revisions\/194"}],"up":[{"embeddable":true,"href":"https:\/\/ifv-bahntechnik.de\/vereinsmitglieder\/wp-json\/wp\/v2\/pages\/2"}],"wp:attachment":[{"href":"https:\/\/ifv-bahntechnik.de\/vereinsmitglieder\/wp-json\/wp\/v2\/media?parent=80"}],"curies":[{"name":"wp","href":"https:\/\/api.w.org\/{rel}","templated":true}]}}